t + 4*t - 6*t - 9*t**2 - 187 + 183. Calculate v(10).
26
Let a(y) = 7*y**2 + y - 8. Let o(s) = -9*s**2 - s + 10. Let n(z) = 5*a(z) + 4*o(z). Let d(g) = -6*g**2 + 3*g - 2. Let k(c) = -d(c) + 3*n(c). Determine k(2).
14
Suppose -5*k + 14 = w - 6, 5*k - w - 10 = 0. Suppose -2*d + 8 = -g, k*g + d + 18 = -2*g. Let p(l) = l**2 - 2*l - 1. Give p(g).
23
Let q(n) be the second derivative of -n**5/20 - n**3/3 - 3*n**2/2 - 358*n. Determine q(-4).
69
Let z = 2779 - 2785. Let n(h) = -12*h - 67. Calculate n(z).
5
Suppose 0*h + a = -3*h - 7, 0 = -4*h + 4*a - 36. Let z be (-10)/15*(h - -1). Let n(g) = 5 - z - 4 - 3*g + 0. Give n(2).
-7
Let m(j) = 33*j + 1. Suppose -36*y = 40*y - 109*y + 43*y. What is m(y)?
1
Let u(r) = -3 + 37*r - 33*r - r**3 + 29 - 24*r + 8*r**2. Calculate u(5).
1
Let p(y) = -y + 1. Let w(b) = -5*b + 5. Let j(x) = 9*p(x) - 2*w(x). Let i(s) = -2*s**2 - 4. Let k(a) = -i(a) + 5*j(a). Give k(-5).
24
Suppose 63 - 3 = 12*b. Let h be ((-8)/(-8))/(5/b). Let z(m) = 4*m**2 - 3*m + 2. Determine z(h).
3
Let b(j) = -j**3 + 8*j**2 - 8*j - 10. Let n be ((-13)/((-390)/(-50)))/((-2)/6). Let k be n/(-3) + ((-4056)/(-18))/26. Give b(k).
-17
Let k(t) = -t**2 - 7*t + 25. Let u(r) = -102*r - 5216. Let c be u(-51). Determine k(c).
-73
Let y(d) = 94*d - 25*d - 23*d + 37 - 27*d - 18*d. Determine y(-16).
21
Let w(s) be the second derivative of -7*s**4/12 + s**3/3 - s**2/2 + 126*s. Suppose 20 = 12*y + 8. Give w(y).
-6
Let i(c) = -12*c + 18. Suppose -20 = -35*g + 40*g - 40. Calculate i(g).
-30
Let h(u) = u**3 + 17*u**2 - 18*u + 5. Let i = 23368 + -23386. What is h(i)?
5
Let n(d) = d**3 - 4*d**2 + 2*d + 1. Suppose -4*m + 57 = 3*a - m, 5*m + 115 = 5*a. Suppose 13*i = a + 18. Determine n(i).
-2
Let z(v) be the second derivative of -v**3/3 + 5*v**2/2 - 19*v. Let w be ((-255)/75 + 7)*60/(-18). Give z(w).
29
Let i(u) = u**3 + 3*u**2 - 10*u + 4. Let y be i(-5). Suppose 13*c - 9*c + y*n = 36, n + 41 = 4*c. Let o(t) = t**3 - 10*t**2 - 2. Give o(c).
-2
Let i(a) = 5*a**2 - 4*a + 3. Suppose 3*p + 2*b + 46 = 44, 5*p + 2*b - 2 = 0. Give i(p).
15
Let g = 349 - 212. Let h(a) = 136*a**2 + 10 - g*a**2 - 3*a - 5. Calculate h(-4).
1
Let c(n) = -n**3 + 6*n**2 + n - 2. Let d(y) = 13*y - 70. Let f be d(-9). Let k = -182 - f. Give c(k).
28
Let y be 13 + (1 - 3)/(17/34). Let l(k) = 3*k**2 - 4*k + 23. Let q(n) = n**2 + 12. Let j(w) = -2*l(w) + 5*q(w). Calculate j(y).
5
Let i(z) be the first derivative of -1/20*z**5 - 40 + 1/3*z**4 - 15*z + 0*z**2 + 7/6*z**3. Let y(m) be the first derivative of i(m). Calculate y(5).
10
Suppose -5*c + 23*a + 74 = 21*a, 2*c = a + 31. Let d(m) = -m + 9. What is d(c)?
-3
Let x(c) be the first derivative of -c**3/6 + c**2/2 - 78*c + 33. Let j(k) be the first derivative of x(k). Suppose 7*i = 3*i. Calculate j(i).
1
Let q(d) = -6*d**3 - d**2 + d. Let o(b) = 27*b - 3*b - 18 + b**2 - 93. Let l be o(-28). What is q(l)?
-6
Let c(v) = -v**2 - v + 7. Let k = -9 + 15. Let o(f) = -f**2 + 6*f + 2. Let h be o(k). Suppose 0 = -3*z + 4*b - 4, -h*z + 3*b + 2 = 5*b. What is c(z)?
7
Let n be 12 - (-2)/4*2. Let b(i) = -47158832*i**2 + 4*i + 9 + 47158833*i**2 - 13*i - 4*i. Calculate b(n).
9
Let q(k) = 4*k + 4. Suppose -281*r = -322*r - 2665. Let h be 60 + (0 - 0) + 0. Let j = h + r. Give q(j).
-16
Suppose -5*i = 4*u + 21, 2*u + 4*i - 8*i = 22. Let t(l) = -6 - l**2 - 9*l + u + 0*l**2 - 3. What is t(-8)?
0
Let r(p) = p**3 + 5*p**2 - 8*p - 9. Let v = -6445 - -6440. Give r(v).
31
Let g be 4/4*-31*(-4 - -3). Let a = -27 + g. Let z(c) = -2 - c**2 + 1 + c + a - 4. Determine z(-2).
-7
Let r(f) = 510*f + 2. Let n(x) = 364*x + 2. Let v(c) = -7*n(c) + 5*r(c). Suppose 2*d - 3*d = -3. Calculate v(d).
2
Let o(l) be the first derivative of -l**4/4 + 8*l**3/3 + l**2/2 - 13*l + 564. Suppose -47*v + 40*v = -56. Give o(v).
-5
Suppose 8 = -2*z, 4*u - z = -0*z + 76. Suppose 2*c - u = -g, 2*g - 4*c = -9*c + 31. Let j(k) = -k**3 - 6*k**2 + 0 - 16*k**2 + 7*k + g*k**2 - 5. What is j(7)?
-5
Let g(r) = r**2 + 6*r - 6. Let q(u) = 12*u - 38. Let h be q(6). Suppose 3*f + 3*p + 5 = -10, -4*p = -5*f - h. What is g(f)?
-6
Let r(y) = 2*y + 31. Let w be r(-15). Let d(x) = 1 - w - 1 + 0*x + 2 - x. Let l(k) = -k - 7. Let h be l(-5). Determine d(h).
3
Let c(j) = -3*j**3 - 2*j + 1. Let y(q) = q**3 + 6*q**2 - 4*q - 23. Let a(x) = -x - 27. Let i be a(-21). Let b be y(i). Calculate c(b).
-4
Let f(z) = 8*z + 21. Suppose 6 + 40 = -24*y - 26. Give f(y).
-3
Let a be 3*4/(-10)*35. Suppose -1015*l = -1011*l - 156. Let p = l + a. Let y(f) = -f**2 + f + 1. Give y(p).
-11
Let z be (-6 - -4)*((-4)/10)/(5/(-50)). Let b(h) = 11*h**2 - 31*h - 6. Let d(n) = 5*n**2 - 15*n - 3. Let l(o) = -6*b(o) + 13*d(o). Give l(z).
5
Let z(b) = -b**3 + 12*b**2 - 14*b + 7. Suppose 439*c = 473*c - 340. Calculate z(c).
67
Let t = 8584 - 8563. Let y(r) = -r + 28. Calculate y(t).
7
Let x(l) be the first derivative of l**3/3 - 21*l**2/2 + 38*l - 4807. Give x(2).
0
Let h(k) = k**3 - 32*k**2 + 18. Let q be h(32). Suppose 0 = -0*n + q*n + 108. Let x(t) = t**2 + 5*t + 1. Determine x(n).
7
Let o(n) be the first derivative of -n**4/4 + 3*n**3 - 9*n**2/2 + 8*n - 13. Let i be -8*(42/(-7) - (-5)/1). What is o(i)?
0
Let n(h) = -5*h + 16. Let u = -5756 + 5760. What is n(u)?
-4
Let p(z) = 64*z + 71 + 59*z + 42*z - 185 - 202*z. Determine p(-3).
-3
Let r(q) = -q**3 + 5*q**2 - 3*q + 1. Let k(j) = 21*j - 422. Let v be k(13). Let t be (-1162)/8 - 2/(-8). Let w = t - v. What is r(w)?
5
Let z(i) be the first derivative of i**3 - i**2 + 2*i - 7. Let q be z(1). Let j(g) = 7*g**2 + 4 - q*g**3 - 6*g**2 - g + 2*g**3. What is j(0)?
4
Let w(y) = 7 + y**3 - 4*y**2 - 1833*y - 11 + 1834*y + y**2. Give w(3).
-1
Suppose -6*t + 12420 = -26*t. Let j = -629 - t. Let r(v) = v**3 + 7*v**2 - 7*v - 5. Give r(j).
-13
Let t be 18 + -20 - (-6)/9*3. Let i(b) = -2*b**3 + b**2 - 2*b - 3. Let a be i(t). Let y(s) = -s**3 - 3*s**2 + 3. Determine y(a).
3
Let t(a) = a**2 + 11*a + 11. Suppose 1046*l = 1108*l + 558. Determine t(l).
-7
Let x(q) = 8*q**2 + 61. Let t(w) = 10*w**2 + w + 45. Let n(a) = -4*t(a) + 3*x(a). What is n(2)?
-69
Let c(w) = 7*w + 9. Let i(j) = -7 + 3*j + 14 - 2. Let n(a) = 2*c(a) - 5*i(a). What is n(-7)?
0
Let p(l) be the first derivative of -2*l**2 - 6*l - 1. Suppose 504*s - 96390 = -94878. Determine p(s).
-18
Let l be (384/72)/1 - 2/6. Let s(p) = p**3 - 6*p**2 + 5*p - 14. Determine s(l).
-14
Let k(f) be the third derivative of f**4/8 + 13*f**3/2 + 36*f**2 - 8*f. Determine k(-17).
-12
Suppose -157 - 43 = -20*l. Suppose 25 = 5*p - l. Let u(o) = -o**3 + 8*o**2 - 6*o - 5. Determine u(p).
2
Let p(k) be the third derivative of -k**6/120 - k**5/30 + k**4/8 - k**3/3 - k**2. Let h be -8 + (4/(68/119) - (1 - -1)). Determine p(h).
-2
Suppose 36 = -5*n + 4*c + 124, 0 = 4*n - c - 77. Suppose 5 + 307 = 13*f. Let m = n - f. Let p(b) = b - 1. Determine p(m).
-5
Let v(w) = -w**3 + 9*w**2 - 10*w + 199. Let b be v(10). Let j(x) = 8*x**2 + 2*x + 1. What is j(b)?
7
Let x(l) = 6*l + 12*l - 4*l - 2 - l**3 - 2*l + 5*l**2 - 6*l. Determine x(6).
-2
Let o(c) = -1. Let q(z) = -3*z + 2. Let h(w) = 5*o(w) - q(w). Suppose 0 = 6*v + 278 + 154. Let m = v + 77. Calculate h(m).
8
Let y(d) = -111*d + 537. Let x be y(5). Let q(i) = 2*i + 35. Determine q(x).
-1
Suppose -2*h + 4*x = 0, -114*x = -5*h - 118*x + 28. Let j(f) = -4*f**2 - f + 1. Let s(m) = 2*m**2. Let u(c) = -3*j(c) - 7*s(c). Determine u(h).
-23
Let s(z) = z**3 - 5*z**2 + 3*z + 4. Let d(p) = -7*p**2 + 0 + 3114*p**3 - 12*p - 7 - 3115*p**3. Let x be d(-5). Calculate s(x).
-5
Let g(i) = -2*i**2 - 146*i + 151. Let d be g(-74). Let s(t) = t + 12. Give s(d).
15
Let k(y) = -3*y**2 - 35*y - 63. Let x be k(-9). Let w(g) = -g**2 + 8*g - 23. Determine w(x).
-32
Let s(l) be the second derivative of 0 + 3/2*l**2 - 21*l - 1/3*l**3. Let g(y) = -2*y + 4. Let p(n) = -2*g(n) + 3*s(n). What is p(2)?
-3
Let r(q) = -q - 9. Let t(o) = 3*o - 19. Let z be (-17)/(-2) + 10/(-4) + 2. Let u be t(z). Suppose 0 = 2*w + 3*j + 22, -u*j + 0*j = -w + 15. Calculate r(w).
-4
Let j(h) = -9*h - 7. Let t(u) = -222*u - 6. Let g be t(0). What is j(g)?
47
Let k(d) = -d**2 - 3*d + 3. Suppose 2*z + 0*z + 78 = -2*j, 2*j = 2. Let r = z + 104. Suppose -54 = 5*m - r. Determine k(m).
-7
Let z(p) be the third derivative of -p**8/6720 - 2*p**7/315 + p**5/15 - 2*p**4 + 26*p**2 - 1. Let u(n) be the second derivative